he hundreds digit of c?
2
Let f = -1 - -4. Let s = 5 - f. Suppose s*y = -2*y - 3*n + 79, y - 21 = -2*n. What is the tens digit of y?
1
Suppose 3*d + 3*g - 6 = 0, 3*d + 0*d - 6 = -2*g. Let l = d + -10. What is the units digit of 11/2 + 4/l?
5
Let x(s) = 82*s**2 + 8*s - 57. What is the hundreds digit of x(-8)?
1
Suppose 4*y - 12100 = -v, 0 = -4*y + 2*v + 6574 + 5538. What is the hundreds digit of y?
0
Let z = -66 + 70. Suppose -4*d + z*f + 64 = 0, -4*d + 0*f = -f - 76. What is the tens digit of d?
2
Suppose -75 = -5*n + 120. Let x = n - -5. What is the units digit of x?
4
Let m = -74 + 546. Let w be (-3)/(-2)*m/6. What is the units digit of (-11)/(-33) - w/(-6)?
0
Let k(w) = -4*w**3 + 2*w**2. Let x be k(3). Let a = x + 166. What is the tens digit of a?
7
What is the hundreds digit of 9/21 - 2580/(-7)?
3
What is the hundreds digit of 3984/14 - 220/385?
2
Let y = -14 + 19. Suppose 4*u - 3*l = 56, -88 = -y*u + u - 5*l. What is the units digit of u?
7
Suppose 2*r - 11 - 459 = 0. Let n = r - 148. What is the tens digit of n?
8
Let m be 2 + 2 + (-20)/5. Suppose m*c = 2*c - 286. Suppose -5*f + c = -2. What is the units digit of f?
9
Let i = -84 + 181. Let t = i - 45. What is the tens digit of t?
5
Suppose x - 1825 = -4*x + 5*b, -4*b - 377 = -x. What is the units digit of x?
1
Let u = 307 - 206. Suppose 0 = 2*d - d - u. What is the hundreds digit of d?
1
Let h(j) = 85*j**2 + 2*j. Let a be h(1). Suppose 2*p - 210 = -3*c - 23, 67 = c + 3*p. Let y = a - c. What is the tens digit of y?
2
Let d be (-78)/10*(-75)/5. Suppose o + 156 = 4*r + 2*o, 2*o = -3*r + d. What is the units digit of r?
9
Let s be 5/(-5)*(-7 - -1). Let n(w) = w**3 - 6*w**2 + 6*w - 4. Let u be n(s). What is the units digit of (3 - 0) + u*1?
5
Let l = -19 + 21. Let r(f) = -71 + f + 2*f**l + f**2 + f**2 + 68. What is the units digit of r(2)?
5
Let k(p) = -p**3 + 7*p**2 + 8*p + 8. Let r(w) = 1. Let s(d) = -d + 1. Let u(j) = -4*r(j) + 4*s(j). Let c be u(-2). What is the units digit of k(c)?
8
Suppose -7*o + 4 + 3 = 0. Let m be 1 + 8/(2/o). Suppose -4*h + 9*h + 185 = m*y, -4*y + 142 = -2*h. What is the units digit of y?
4
Suppose -2*o = j - 78, 5*o = -5*j + 2*o + 397. What is the tens digit of ((-2)/(-1))/(8/j)?
2
Let n be (9/5)/((-1)/(-15)). What is the units digit of 69/(-2)*(-18)/n?
3
Let a = 8 + 2. Let w(v) = -5*v**3 - 8*v**2 + 19*v - 13. Let n(c) = 12*c**3 + 15*c**2 - 39*c + 26. Let q(u) = 3*n(u) + 7*w(u). What is the units digit of q(a)?
7
Let j = -98 - -100. Suppose 0 = -2*x - 2, 8 + 583 = j*f + 3*x. What is the tens digit of f?
9
Suppose 3*f = 12*f - 1260. Suppose 0 = 99*x - 100*x + f. What is the hundreds digit of x?
1
Let h be (-4 - -3)*(1 - -4). Let o = h - -7. Suppose 9 = o*s - 1. What is the units digit of s?
5
Let w(d) be the first derivative of 7 + d + 0*d**2 + 2/3*d**3. What is the units digit of w(-2)?
9
Suppose -23 = -4*k + 4*w + 5, 3*k + 4*w - 14 = 0. What is the tens digit of (-154)/(-10) - k/15?
1
Let u be ((-330)/25)/(4/(-20)). Suppose -3*y + 5*x = y - u, -5*x + 18 = 2*y. What is the units digit of y?
4
What is the tens digit of (1 - 1045/(-2))*(-256)/(-192)?
9
Suppose 3*a - 4*o = 1137, -o = 2*a - 7*a + 1912. What is the hundreds digit of a?
3
Let q be (-364)/(-91) + (-1)/(-2)*0. Suppose 0 = -5*z - 5*u + 105, -5*z + 98 = -2*z - q*u. What is the tens digit of z?
2
Suppose h = 3*t - t - 378, -4*t + 764 = -4*h. What is the tens digit of t?
8
Suppose 3*d + 46*i = 50*i + 4529, 2*d - 3020 = 2*i. What is the thousands digit of d?
1
Let p = 191 - 209. Suppose -2*y + 4 = -4*y, 2*d + 5*y = 66. Let s = d + p. What is the tens digit of s?
2
Suppose -2*z - 131 = -2*h + 5*h, -3*h = 3. Let v = z - -16. Let k = -11 - v. What is the tens digit of k?
3
Let q = -458 + 1390. What is the units digit of q?
2
Let l = 55 - 26. What is the tens digit of l?
2
Let h = 424 + -369. What is the tens digit of h?
5
Let n(c) be the first derivative of 28*c**3/3 + c + 14. What is the tens digit of n(-1)?
2
Let s(p) = -p**3 - 24*p**2 + 28*p - 24. What is the units digit of s(-26)?
0
What is the units digit of ((-949)/3)/1*-3?
9
Let o(x) = x**3 - 63*x**2 + 150*x - 72. What is the tens digit of o(62)?
8
Let n = -40 + 22. What is the tens digit of 4/n - (-1450)/45?
3
Let d = -1041 - -1353. What is the units digit of d?
2
Let n be (-3 + 13)*(60/(-25))/(-4). Let p = -4 - -10. Suppose 0 = -n*l + 3*l + p. What is the units digit of l?
2
Let p = -13 - -29. Suppose -12*g - 764 = -p*g. What is the units digit of g?
1
Suppose 36 = -5*u + 3*c - 27, 0 = 3*u + 3*c + 33. Let b = 10 + -6. What is the units digit of u/(-15)*10/b?
2
Suppose 3*v + 113 = 2*l, -5*l - v + 248 = 3*v. Let u be ((-3)/(-2))/((-3)/l). Let z = u + 46. What is the units digit of z?
0
Let y = 7264 - 2744. What is the thousands digit of y?
4
Let o(v) be the first derivative of v**3/3 - 5*v**2 + 16*v + 13. What is the units digit of o(10)?
6
Suppose 0 = 4*f - 0*h - 2*h - 168, -211 = -5*f + 3*h. Let v = -17 + f. Let o = 37 - v. What is the units digit of o?
3
Let f be (-33)/(-9) + (-2)/(-6). Suppose f*q = 3*k - q - 88, -4*k + 106 = -q. What is the units digit of k?
6
Suppose -106*k + 110*k = 8132. What is the tens digit of k?
3
Let v be 1 - -1 - (-20 + -8). Let l = 27 - 14. Let d = v - l. What is the tens digit of d?
1
Let x(q) = -364*q**2 - 4*q + 2. Let o be x(-1). What is the units digit of o*((-2)/(-3))/(4/(-3))?
9
Let a = 10 + 0. Suppose 6*p - 4*b + a = p, 2*p + 6 = 2*b. Suppose -p*r - 17 = -45. What is the units digit of r?
4
Suppose 3*t - 4 + 4 = 0. What is the units digit of 691/7 - (t - (-4)/(-14))?
9
Let x be (12/2)/3 + -1. Let w be x/5 + 33/(-15). Let r(d) = 6*d**2 - d - 2. What is the tens digit of r(w)?
2
Let j = 1850 - 904. What is the tens digit of j?
4
Suppose -24 = -5*u + u. What is the units digit of 2/u + 3225/45?
2
Suppose -3 - 162 = -2*m + d, -3*m + 254 = 5*d. Let n be -2*(-3)/6 - m. What is the units digit of n/(-5) - (-28)/(-70)?
6
Let c = -74 + 96. Let d = c - 11. What is the tens digit of d?
1
Suppose -4*o - 6 = 38. Let p = o - -7. What is the units digit of (p/10)/(10/(-100))?
4
Suppose 1594*s = 1597*s - 4983. What is the tens digit of s?
6
Suppose 779 = 11*k + 97. What is the units digit of 0/1 - (-5 + -2*k)?
9
Let c(w) = -18*w - 24. Let h be c(4). Let f = 138 + h. What is the tens digit of f?
4
Let p(a) = 48*a + 952. What is the units digit of p(78)?
6
Let i = -1361 + 2197. What is the units digit of i?
6
Let a be -134 - (4 - 3/1). What is the tens digit of 2*(-2 - a/6)?
4
Let o(k) = -12*k + 26. Suppose 5*x = 5*q - 65, -x - 33 = -0*x - 5*q. What is the hundreds digit of o(x)?
1
Let x = -18 - -31. Suppose 5*z - x = 2. Suppose 0*m - 9 = z*m, i - 5*m = 44. What is the tens digit of i?
2
Let y = -1966 - -3044. What is the hundreds digit of y?
0
Suppose -c + 19*c = -1368. Suppose -m = 2*p - 80 - 24, 0 = -3*p - 12. Let a = m + c. What is the units digit of a?
6
Let g(k) = -k - 3. Let t be g(-7). Suppose -3*x + x + t = 0. Suppose -x*f + 35 = 5*w - 3*f, -13 = -w - f. What is the units digit of w?
8
Let r(o) = o**2 - 7*o - 14. Let k be r(-7). What is the units digit of ((-33)/(-6))/(6/k)?
7
Let f = 1692 - 1013. What is the units digit of f?
9
Suppose 7*y = 3*y + 2*m + 60, -y = 4*m - 6. Let c = y + 3. What is the tens digit of c?
1
Let l(k) = k**2 - 2*k**2 + 3*k**2 + 0*k**2 + 3. Let u be l(3). Suppose u = 2*t + t. What is the units digit of t?
7
Suppose -5*w + 22 = -4*w. What is the units digit of 33/w*6*3?
7
Suppose -3*d - 707 = -4*d + 5*b, 2*b - 3481 = -5*d. What is the hundreds digit of d?
6
Let b be 12/20 + 12/5. Suppose -1395 = -6*h - b*h. What is the tens digit of h?
5
Let r(b) = -b**3 + b - 1. Let f(w) = -4*w**3 - 9*w**2 - 4*w + 7. Let o(q) = f(q) - 2*r(q). What is the tens digit of o(-5)?
6
Let f = -19 + 7. Let w be f/14*63/9. What is the tens digit of (-2561)/(-65) - w/10?
4
Suppose t = -5, -3*u + 638 + 1398 = 5*t. What is the hundreds digit of u?
6
What is the tens digit of 125*-14*(2 - 56/20)?
0
Let f = 14 - 8. What is the hundreds digit of (-4)/f + 1630/15?
1
Suppose 0 = -5*k + 2*w + 1328, 508 + 292 = 3*k - 2*w. What is the units digit of k?
4
Suppose 3*g - r - r = 189, -3*r = 5*g - 334. Suppose -x + g = -5*s - 0*s, -x - 2*s = -30. What is the units digit of x?
0
Suppose -5*g + 14 + 15 = -4*l, -3*l = 3. What is the tens dig